{"id":2,"date":"2014-08-06T22:44:53","date_gmt":"2014-08-06T22:44:53","guid":{"rendered":"http:\/\/www.gartentechnik-hagen.de\/?page_id=2"},"modified":"2021-06-22T08:15:07","modified_gmt":"2021-06-22T06:15:07","slug":"beispiel-seite","status":"publish","type":"page","link":"https:\/\/www.gartentechnik-hagen.de\/?page_id=2","title":{"rendered":"\u00dcber uns!"},"content":{"rendered":"\n<!-- WP QUADS Content Ad Plugin v. 1.5.9 -->\n<div class=\"quads-location quads-ad1\" id=\"quads-ad1\" style=\"float:none;margin:5px 0 5px 0;text-align:center;\">\n<script async src=\"\/\/pagead2.googlesyndication.com\/pagead\/js\/adsbygoogle.js\"><\/script>\n<script>\n  (adsbygoogle = window.adsbygoogle || []).push({\n    google_ad_client: \"ca-pub-3556952823996919\",\n    enable_page_level_ads: true\n  });\n<\/script>\n<\/div>\n<p style=\"color: #333333;\"><span class=\"Apple-style-span\" style=\"color: #006600;\"><span class=\"Apple-style-span\" style=\"font-weight: bold;\"><span class=\"Apple-style-span\">Forst und Gartentechnik Hagen<\/span><\/span><span class=\"Apple-style-span\">\u00a0ist ein Familienunternehmen aus dem\u00a0<\/span><a style=\"color: #5aa428;\" href=\"https:\/\/www.visitflaeming.com\"><span class=\"Apple-style-span\" style=\"color: #006600;\"><span class=\"Apple-style-span\" style=\"font-weight: bold;\"><span class=\"Apple-style-span\"><span class=\"Apple-style-span\">Fl\u00e4ming<\/span><\/span><\/span><\/span><\/a><span class=\"Apple-style-span\">, welches 2007 gegr\u00fcndet wurde.\u00a0<\/span><\/span><\/p>\n<p style=\"color: #333333;\"><span class=\"Apple-style-span\" style=\"color: #006600;\"><span class=\"Apple-style-span\">Unsere Produktpalette haben wir seit Firmengr\u00fcndung erheblich erweitert. Anfangs stand die Vermietung von Forst &amp; Gartentechnik, wie z.B. Holzspalter und Gartenfr\u00e4sen sowie der Verkauf von Brennholz &amp; Kaminholz im Vordergrund unserer unternehmerischen Aktivit\u00e4ten.\u00a0<\/span><\/span><\/p>\n<p style=\"color: #333333;\"><span class=\"Apple-style-span\" style=\"color: #006600;\"><span class=\"Apple-style-span\">Sukzessive wurde unser Angebot ausgebaut, sodass wir schon Mitte 2007 als Fachh\u00e4ndler der Firma STEMA aus Gro\u00dfenhein Pkw Anh\u00e4nger in unser Sortiment aufnehmen konnten und diese nun in den Regionen Berlin \/ Brandenburg und Sachsen &#8211; Anhalt vertreiben. \u00a0Es folgten die Erweiterung unserer Angebote aus dem Bereich Forsttechnik und Gartentechnik.<\/span><\/span><\/p>\n<p style=\"color: #333333;\"><span class=\"Apple-style-span\" style=\"color: #006600;\"><span class=\"Apple-style-span\">2008 konnten wir unser Angebot noch um Drahtprodukte, wie Zaunelemente, Wildschutzzaun (Knotengeflecht) u.a.m. erg\u00e4nzen.<\/span><\/span><\/p>\n<p style=\"color: #333333;\"><span class=\"Apple-style-span\" style=\"color: #006600;\"><span class=\"Apple-style-span\">Seit Dezember 2008 haben wir f\u00fcr Sie Sonderkraftstoff &#8211; Gemisch f\u00fcr Zweitaktmotoren in unser Sortiment aufgenommen und bieten Ihnen nun den Aviaticon Finko Green 2T Kraftstoff f\u00fcr Ihre Kettens\u00e4gen, Freischneider u.s.w. zum Kauf an.\u00a0<\/span><\/span><\/p>\n<p style=\"color: #333333;\"><span class=\"Apple-style-span\" style=\"color: #006600;\"><span class=\"Apple-style-span\">Verkehrstechnisch g\u00fcnstig gelegen befindet sich der Firmensitz in\u00a014806 Planetal OT\u00a0<\/span><a style=\"color: #5aa428;\" href=\"https:\/\/web.archive.org\/web\/20130502011508\/http:\/\/maps.google.de\/maps?f=q&amp;hl=de&amp;geocode=&amp;q=Hauptstra%C3%9Fe+15,+14806+Planetal&amp;sll=51.151786,10.415039&amp;sspn=7.693766,23.203125&amp;ie=UTF8&amp;ll=52.12789,12.706847&amp;spn=0.00735,0.022659&amp;t=h&amp;z=16\" target=\"_blank\" rel=\"noopener\"><span class=\"Apple-style-span\" style=\"font-weight: bold;\"><span class=\"Apple-style-span\"><span class=\"Apple-style-span\" style=\"color: #006600;\"><span class=\"Apple-style-span\">Locktow<\/span><\/span><\/span><\/span><\/a><span class=\"Apple-style-span\" style=\"color: #ff0000;\"><span class=\"Apple-style-span\">,<\/span><\/span><span class=\"Apple-style-span\">\u00a0nur\u00a0<strong>3 Km<\/strong>\u00a0entfernt von der Autobahnabfahrt Niemegk an der A9 sowie den Bundesstra\u00dfe 102 und 246. So sind wir f\u00fcr unsere Kunden und Lieferanten sehr gut zu erreichen.\u00a0<span class=\"Apple-style-span\" style=\"color: #333333;\">\u00a0<\/span><\/span><\/span><\/p>\n<p><object data=\"http:\/\/s.ftcdn.net\/v2010\/pics\/de\/banners\/animated\/468x60.swf\" type=\"application\/x-shockwave-flash\" width=\"468\" height=\"60\"><param name=\"movie\" value=\"http:\/\/s.ftcdn.net\/v2010\/pics\/de\/banners\/animated\/468x60.swf\" \/><param name=\"flashvars\" value=\"partner=201928074\" \/><param name=\"allowScriptAccess\" value=\"always\" \/><\/object><\/p>\n\n<!-- WP QUADS Content Ad Plugin v. 1.5.9 -->\n<div class=\"quads-location quads-ad1\" id=\"quads-ad1\" style=\"float:none;margin:5px 0 5px 0;text-align:center;\">\n<script async src=\"\/\/pagead2.googlesyndication.com\/pagead\/js\/adsbygoogle.js\"><\/script>\n<script>\n  (adsbygoogle = window.adsbygoogle || []).push({\n    google_ad_client: \"ca-pub-3556952823996919\",\n    enable_page_level_ads: true\n  });\n<\/script>\n<\/div>\n\n<div style=\"font-size:0px;height:0px;line-height:0px;margin:0;padding:0;clear:both\"><\/div>","protected":false},"excerpt":{"rendered":"<p>Forst und Gartentechnik Hagen\u00a0ist ein Familienunternehmen aus dem\u00a0Fl\u00e4ming, welches 2007 gegr\u00fcndet wurde.\u00a0 Unsere Produktpalette haben wir seit Firmengr\u00fcndung erheblich erweitert. Anfangs stand die Vermietung von Forst &amp; Gartentechnik, wie z.B. Holzspalter und Gartenfr\u00e4sen sowie der Verkauf von Brennholz &amp; Kaminholz&hellip; <\/p>\n","protected":false},"author":1,"featured_media":0,"parent":0,"menu_order":0,"comment_status":"open","ping_status":"open","template":"","meta":[],"_links":{"self":[{"href":"https:\/\/www.gartentechnik-hagen.de\/index.php?rest_route=\/wp\/v2\/pages\/2"}],"collection":[{"href":"https:\/\/www.gartentechnik-hagen.de\/index.php?rest_route=\/wp\/v2\/pages"}],"about":[{"href":"https:\/\/www.gartentechnik-hagen.de\/index.php?rest_route=\/wp\/v2\/types\/page"}],"author":[{"embeddable":true,"href":"https:\/\/www.gartentechnik-hagen.de\/index.php?rest_route=\/wp\/v2\/users\/1"}],"replies":[{"embeddable":true,"href":"https:\/\/www.gartentechnik-hagen.de\/index.php?rest_route=%2Fwp%2Fv2%2Fcomments&post=2"}],"version-history":[{"count":4,"href":"https:\/\/www.gartentechnik-hagen.de\/index.php?rest_route=\/wp\/v2\/pages\/2\/revisions"}],"predecessor-version":[{"id":243,"href":"https:\/\/www.gartentechnik-hagen.de\/index.php?rest_route=\/wp\/v2\/pages\/2\/revisions\/243"}],"wp:attachment":[{"href":"https:\/\/www.gartentechnik-hagen.de\/index.php?rest_route=%2Fwp%2Fv2%2Fmedia&parent=2"}],"curies":[{"name":"wp","href":"https:\/\/api.w.org\/{rel}","templated":true}]}}

Über uns!

<!-- WP QUADS Content Ad Plugin v. 1.5.9 -->
<div class="quads-location quads-ad1" id="quads-ad1" style="float:none;margin:5px 0 5px 0;text-align:center;">
<script async src="//pagead2.googlesyndication.com/pagead/js/adsbygoogle.js"></script>
<script>
  (adsbygoogle = window.adsbygoogle || []).push({
    google_ad_client: "ca-pub-3556952823996919",
    enable_page_level_ads: true
  });
</script>
</div>
<p style="color: #333333;"><span class="Apple-style-span" style="color: #006600;"><span class="Apple-style-span" style="font-weight: bold;"><span class="Apple-style-span">Forst und Gartentechnik Hagen</span></span><span class="Apple-style-span"> ist ein Familienunternehmen aus dem </span><a style="color: #5aa428;" href="https://www.visitflaeming.com"><span class="Apple-style-span" style="color: #006600;"><span class="Apple-style-span" style="font-weight: bold;"><span class="Apple-style-span"><span class="Apple-style-span">Fläming</span></span></span></span></a><span class="Apple-style-span">, welches 2007 gegründet wurde. </span></span></p>
<p style="color: #333333;"><span class="Apple-style-span" style="color: #006600;"><span class="Apple-style-span">Unsere Produktpalette haben wir seit Firmengründung erheblich erweitert. Anfangs stand die Vermietung von Forst &amp; Gartentechnik, wie z.B. Holzspalter und Gartenfräsen sowie der Verkauf von Brennholz &amp; Kaminholz im Vordergrund unserer unternehmerischen Aktivitäten. </span></span></p>
<p style="color: #333333;"><span class="Apple-style-span" style="color: #006600;"><span class="Apple-style-span">Sukzessive wurde unser Angebot ausgebaut, sodass wir schon Mitte 2007 als Fachhändler der Firma STEMA aus Großenhein Pkw Anhänger in unser Sortiment aufnehmen konnten und diese nun in den Regionen Berlin / Brandenburg und Sachsen &#8211; Anhalt vertreiben.  Es folgten die Erweiterung unserer Angebote aus dem Bereich Forsttechnik und Gartentechnik.</span></span></p>
<p style="color: #333333;"><span class="Apple-style-span" style="color: #006600;"><span class="Apple-style-span">2008 konnten wir unser Angebot noch um Drahtprodukte, wie Zaunelemente, Wildschutzzaun (Knotengeflecht) u.a.m. ergänzen.</span></span></p>
<p style="color: #333333;"><span class="Apple-style-span" style="color: #006600;"><span class="Apple-style-span">Seit Dezember 2008 haben wir für Sie Sonderkraftstoff &#8211; Gemisch für Zweitaktmotoren in unser Sortiment aufgenommen und bieten Ihnen nun den Aviaticon Finko Green 2T Kraftstoff für Ihre Kettensägen, Freischneider u.s.w. zum Kauf an. </span></span></p>
<p style="color: #333333;"><span class="Apple-style-span" style="color: #006600;"><span class="Apple-style-span">Verkehrstechnisch günstig gelegen befindet sich der Firmensitz in 14806 Planetal OT </span><a style="color: #5aa428;" href="https://web.archive.org/web/20130502011508/http://maps.google.de/maps?f=q&amp;hl=de&amp;geocode=&amp;q=Hauptstra%C3%9Fe+15,+14806+Planetal&amp;sll=51.151786,10.415039&amp;sspn=7.693766,23.203125&amp;ie=UTF8&amp;ll=52.12789,12.706847&amp;spn=0.00735,0.022659&amp;t=h&amp;z=16" target="_blank" rel="noopener"><span class="Apple-style-span" style="font-weight: bold;"><span class="Apple-style-span"><span class="Apple-style-span" style="color: #006600;"><span class="Apple-style-span">Locktow</span></span></span></span></a><span class="Apple-style-span" style="color: #ff0000;"><span class="Apple-style-span">,</span></span><span class="Apple-style-span"> nur <strong>3 Km</strong> entfernt von der Autobahnabfahrt Niemegk an der A9 sowie den Bundesstraße 102 und 246. So sind wir für unsere Kunden und Lieferanten sehr gut zu erreichen. <span class="Apple-style-span" style="color: #333333;"> </span></span></span></p>
<p><object data="http://s.ftcdn.net/v2010/pics/de/banners/animated/468x60.swf" type="application/x-shockwave-flash" width="468" height="60"><param name="movie" value="http://s.ftcdn.net/v2010/pics/de/banners/animated/468x60.swf" /><param name="flashvars" value="partner=201928074" /><param name="allowScriptAccess" value="always" /></object></p>

<!-- WP QUADS Content Ad Plugin v. 1.5.9 -->
<div class="quads-location quads-ad1" id="quads-ad1" style="float:none;margin:5px 0 5px 0;text-align:center;">
<script async src="//pagead2.googlesyndication.com/pagead/js/adsbygoogle.js"></script>
<script>
  (adsbygoogle = window.adsbygoogle || []).push({
    google_ad_client: "ca-pub-3556952823996919",
    enable_page_level_ads: true
  });
</script>
</div>

<div style="font-size:0px;height:0px;line-height:0px;margin:0;padding:0;clear:both"></div>

<p>Forst und Gartentechnik Hagen ist ein Familienunternehmen aus dem Fläming, welches 2007 gegründet wurde.  Unsere Produktpalette haben wir seit Firmengründung erheblich erweitert. Anfangs stand die Vermietung von Forst &amp; Gartentechnik, wie z.B. Holzspalter und Gartenfräsen sowie der Verkauf von Brennholz &amp; Kaminholz&hellip; </p>
